(u) = u**3 - 6*u**2 + 6*u - 3. Let n be d(5). Let o be t(n). Is 13 a factor of y(o)?
False
Let p = -2 - -4. Let b be ((-115)/p)/(1/(-2)). Suppose n - b = -4*n. Is 15 a factor of n?
False
Let y(r) = -4*r + 27. Is 23 a factor of y(-22)?
True
Let m(w) = -2*w**3 - 12*w**2 - 5*w + 7. Does 24 divide m(-7)?
False
Suppose d - 13 = 2*d - 3*f, -f = -4*d + 3. Suppose 0 = -d*p + 6 + 12. Is 2 a factor of p?
False
Let f be ((-2)/(-6))/(1/6). Suppose 5*h + 1 = -f*j - 6, 5*j + 6 = -h. Does 19 divide (j/2)/((-1)/56)?
False
Suppose -5*y - 43 + 168 = t, 429 = 3*t - 3*y. Is t a multiple of 35?
True
Let u(k) = -k + 1. Let a be u(-2). Let i = -9 + 37. Suppose i - a = j. Is 15 a factor of j?
False
Let l be 18/(-27) + 185/3. Let q = l - -20. Is 24 a factor of q?
False
Does 20 divide -4 + (244/(-10))/(16/(-80))?
False
Is 17 a factor of (-9)/(-3)*(12 - -1)?
False
Is 10/15*(35 - 2) a multiple of 11?
True
Suppose 0 = 5*l + 4*b + 12, -2*b = 3*l + 2*b + 12. Suppose 4*c - 2*s = 96, -c = -l*c + 3*s - 38. Suppose -44 - c = -2*m. Does 25 divide m?
False
Suppose 2*x - 4*x = -4. Let l be (-5598)/(-42) + x/(-7). Is (-10)/(-45) - l/(-9) a multiple of 6?
False
Let v(k) = -4*k**2 - 4*k. Let u(c) = -5*c**2 - 5*c + 1. Let i(l) = 4*u(l) - 6*v(l). Does 10 divide i(-2)?
False
Let r(y) = 2*y**2 + 6*y - 4. Does 5 divide r(4)?
False
Let k be (-9)/(-2)*(-4)/(-6). Suppose 3*a - 5*h = 1 - 0, 5*a + 3*h - 13 = 0. Suppose 0 = -a*u + k*u - 16. Is u a multiple of 8?
True
Suppose 5*u - 39 = 191. Suppose -5*a + 19 = -u. Is 13 a factor of a?
True
Suppose -28 = -2*m + 2*t, 3*m + t - 68 = -18. Is m a multiple of 4?
True
Let o = 93 - 81. Is o a multiple of 4?
True
Is ((-2)/2)/(1/(-55)) a multiple of 11?
True
Is 13 a factor of (45/30)/(1/26)?
True
Let n = 121 - 84. Let b be (-3)/(-6)*-2 + n. Suppose 0*f - 2*f + b = 0. Is 9 a factor of f?
True
Let w be 6/24 + (-2)/8. Suppose w = -3*u + 15 + 9. Does 3 divide u?
False
Suppose 0 = 5*j - 5*l - 60, 2*l + 7 = -j + 28. Is 3 a factor of j?
True
Let z = -19 + 13. Is 12 a factor of 2/6 + (-130)/z?
False
Let k(h) = h**2 + 2*h. Let z be k(-2). Suppose o - 40 + 1 = z. Is 16 a factor of o?
False
Let c(h) = -h**3 - 6*h**2 - h - 6. Let d be c(-6). Suppose -99 + d = -3*g. Does 12 divide g?
False
Let w be (8/(-6))/((-10)/15). Suppose -2*b + 146 = 4*m - 164, -w*m - 3*b + 161 = 0. Is 19 a factor of m?
True
Let b be (-2)/(-6) - 166/(-6). Suppose b = -4*o + 5*o. Let h = o + 12. Does 20 divide h?
True
Suppose 3*c - 15 = 0, 0*c + c + 29 = -2*p. Let t = p + -2. Let w = t + 29. Does 10 divide w?
True
Suppose -2*f + 20 = -172. Does 24 divide f?
True
Suppose 16 = 2*l + 4*u, -2*l + u + 13 = -3. Suppose -12*n + l*n + 88 = 0. Is 22 a factor of n?
True
Does 11 divide 63/(-1 + 2)*52/39?
False
Let z = 47 + 95. Does 29 divide z?
False
Let o = -2 - 6. Let d = o + 13. Suppose 8*u - 9*u + d = 0. Is 2 a factor of u?
False
Let w be 0*(-1 - (-9)/6). Suppose -5*j + 2 + 3 = w. Is 11 a factor of 85/2 + j/(-2)?
False
Let w(p) = -2*p**2. Let n be w(5). Suppose -5*t = 2*v + 32, 4*v + 0*v + 88 = -4*t. Let f = v - n. Does 8 divide f?
True
Let h = 15 - 10. Suppose -x = -4*v + 121, h*v - 4*x = -58 + 212. Does 30 divide v?
True
Is 49 a factor of (143 - 0) + 2 + 2?
True
Is 14 a factor of (-23 + (4 - 2))/(15/(-20))?
True
Let c be 1*1*6/(-1). Let i be 6 - 5/(5/(-3)). Is ((-20)/1)/(c/i) a multiple of 15?
True
Let y = -15 + 5. Let r = -6 - y. Suppose 3*j = -r*i + 229, -5*j = -7 + 32. Is 22 a factor of i?
False
Let i = 40 + 6. Is i a multiple of 7?
False
Let g(l) = 53*l**2 - 9*l + 15. Is g(2) a multiple of 18?
False
Let r be -6*(3 + 10/(-3)). Suppose -j = -r*k - 46, 4*k + 2 = 2*k. Does 9 divide j?
False
Suppose -w + 24 = -i + 2*i, -3*w = 5*i - 124. Is 13 a factor of i?
True
Suppose 0 = -6*r + 3*r - 30. Does 20 divide r/(3 + (-13)/4)?
True
Let l(p) = -p**3 - 10*p**2 - 6*p - 2. Is 29 a factor of l(-10)?
True
Let r(t) = -t - 4. Let p be r(-7). Suppose -5*k = 4*a - 125, -p*k - 34 = 2*a - 111. Is 11 a factor of k?
False
Let k = 61 - 21. Suppose -k = -r + 30. Does 14 divide r?
True
Let s(r) = -5*r**3 + r**2 + 4*r + 1. Let v be s(-3). Let f = v + -92. Does 14 divide f?
False
Let u be 0 - (-2 - -1)*3. Suppose -u*t + 8 = -52. Is 20 a factor of t?
True
Suppose 2*d - 2 = 0, -3*w = -2*d - 575 + 229. Is w a multiple of 5?
False
Suppose -3*p + 6 = -6. Suppose -5*f = -p*f - 39. Is 11 a factor of f?
False
Let q(k) = 6*k**3 - 4*k + 3. Let p be q(2). Suppose 0 = -3*h - p - 35. Let t = -16 - h. Is 4 a factor of t?
False
Suppose -g = 2*y - 29, 0 = g - 3*y + y - 21. Does 6 divide g?
False
Let o(x) = -13*x**3 - 2*x**2 + 2*x - 3. Suppose 2*b - 6 = -b. Let z be o(b). Is 6 a factor of (-2)/(-3) - z/9?
False
Suppose -29*p - 8 = -30*p. Does 3 divide p?
False
Suppose -2*d + 19 = -3*m, 4*m = -2*d + d - 40. Let z be (-12)/m*33/2. Let o = z + -10. Is 9 a factor of o?
False
Suppose 0 = 3*b + 2*g - 28, -5*b - 3*g = -34 - 11. Let a be (8/5)/(b/15). Suppose 4*t - 190 - a = -5*k, -2*k + 72 = -4*t. Does 19 divide k?
True
Let q(f) = -f**2 - 12*f - 2. Let y(a) = -6*a - 1. Let k(t) = -2*q(t) + 5*y(t). Is k(5) a multiple of 7?
False
Let c = 14 + 67. Suppose c = 2*h + h. Does 16 divide h?
False
Let q(x) be the third derivative of -x**4/4 - x**3 + 8*x**2. Suppose 3*p - 5*p - 8 = 0. Does 9 divide q(p)?
True
Suppose 3*j = j. Suppose 0 = a - j*a - 5. Suppose 2*n - 134 = -a*h, 34 = h - 4*n + 2*n. Does 14 divide h?
True
Suppose -2*a - 200 = -3*f - 6*a, -2 = 2*a. Is 34 a factor of f?
True
Suppose -370 - 400 = -7*s. Is 28 a factor of s?
False
Let i(o) = -13*o - 23. Is 36 a factor of i(-6)?
False
Let y(r) = -2*r + 0*r**2 - 6*r - r**2. Let l be y(-8). Suppose 5*c - m - 2*m = 93, l = m - 4. Is c a multiple of 9?
False
Let r be -1 + (-1 + 11 - -1). Suppose -r*c + 11*c = 52. Does 8 divide c?
False
Suppose -14 = -k - i, k - i - 6 = -0*i. Is 5 a factor of k?
True
Is 152*(1 + 0) + 0/(-1) a multiple of 21?
False
Let o(x) = x**3 + 4*x**2 - x + 7. Let g(v) = -v. Let w(d) = 3*g(d) + o(d). Is w(-5) even?
True
Let b(n) = 4*n**2 + 2*n - 1. Is 4 a factor of b(1)?
False
Let w(s) = 14*s + 2. Suppose 0 = -2*r + 10 - 4. Is 16 a factor of w(r)?
False
Let u = -28 + 5. Let l = 84 + u. Is 16 a factor of l?
False
Suppose 5*t = 2*t + 6. Suppose -t*w + 42 = -66. Is w a multiple of 18?
True
Suppose -3*c + a - 39 = -5*c, a - 5 = 0. Let m(v) = -2*v**2 + 4*v - 1. Let k be m(3). Let g = c + k. Does 5 divide g?
True
Let z(l) = l**2 + 2*l. Is z(-5) a multiple of 5?
True
Let h(w) = 16*w**2 - 2*w - 3. Is 49 a factor of h(-3)?
True
Suppose 3*q - 36 + 18 = 0. Suppose 0 = 2*m - q*m + 180. Is m a multiple of 9?
True
Let l be 12/4 + 0 + 3. Is 31 a factor of (-37)/((-1)/(l/3))?
False
Suppose 0*d - 5*n = -4*d + 29, -3*n - 15 = 0. Let w be (0 + 4)/(0 + d). Does 21 divide (-2)/4 + 94/w?
False
Let z(o) = o**2 - 4*o + 15. Does 21 divide z(12)?
False
Let o(t) be the third derivative of t**6/120 + 2*t**5/15 - 13*t**4/24 - 3*t**3/2 + 7*t**2. Does 24 divide o(-8)?
False
Suppose l - 20 = 7. Let f(g) = -3*g + 4*g + 29 - l. Is 4 a factor of f(6)?
True
Let o = 12 - 7. Let v(f) = -f**2 + 6*f - 5. Let s be v(o). Suppose d + 2*d - 57 = s. Is 19 a factor of d?
True
Let v(n) = n**2 - 12*n + 11. Let t be v(9). Let s = -5 - t. Is s a multiple of 4?
False
Let o(s) be the third derivative of s**5/30 - 7*s**4/24 + 2*s**3/3 + 3*s**2. Suppose b - 14 = 2*b + 4*i, -b + 11 = -i. Is o(b) a multiple of 17?
True
Suppose 3*b + 0*b - 9 = 0. Does 25 divide (-3)/(9/b)*-25?
True
Suppose -2*i - 15 = 5*j - 1, 0 = -5*j + 3*i - 4. Is 13 a factor of j*2*50/(-8)?
False
Suppose 18*w - 4*w - 5614 = 0. Is 29 a factor of w?
False
Suppose -3*z - 19 = -4*l, 3*z + 12 = 2*l + 1. Is 25 a factor of z + 49 + 4/2?
True
Suppose g - 1 = 3. Suppose -4*k + 2 - 18 = -g*c, k = -3*c + 8. Let u(w) = -4*w - 1. Is u(k) even?
False
Does 15 divide (270/(-4))/(-9)*6?
True
Let l be 2 - (-3)/(6/4). Let z(g) = 2*g**2 - 3*g + 1. Let a be z(2). Suppose a*w = -9, h + l*w = 3*h - 42. Is h a multiple of 10?
False
Let h be (-11 + 3)*9/(-4). Suppose -66 = -3*v + h. Is v a multiple of 8?
False
Let n(o) = 5*o**3 - o**2 - 7*o + 4. Does 36 divide n(3)?
False
Suppose -5*g - 55 = -2*z, -z - g = -18 - 27. Is z a multiple of 40?
True
Let z(i) be the first derivative of -8*i - 13/2*i**2 + 11/3*i**3 + 1/4*i**4 + 3. Is z(-12) even?
True
Is (-392)/4*2/(-4) a multiple of 7?
True
Let n(c